f 294 and 3350667.
3
Calculate the greatest common divisor of 3679610 and 37510.
1210
What is the highest common divisor of 5984 and 2171488?
352
Calculate the highest common divisor of 6817 and 112681.
401
Calculate the highest common divisor of 13634115 and 2673.
33
What is the greatest common factor of 230751122 and 7329?
2443
Calculate the greatest common factor of 10491776 and 5504.
128
What is the highest common divisor of 1338 and 2115966?
6
Calculate the highest common divisor of 2250 and 97660170.
90
What is the greatest common factor of 225 and 6459930?
45
What is the highest common factor of 20 and 94736745?
5
Calculate the highest common factor of 16237 and 1020433.
1249
What is the greatest common factor of 15176 and 258748?
28
What is the highest common factor of 95 and 16958720?
5
What is the greatest common factor of 148952 and 15953?
43
Calculate the highest common divisor of 372 and 144444.
12
Calculate the highest common divisor of 88842 and 16422.
102
What is the greatest common divisor of 3232 and 545104?
16
Calculate the greatest common divisor of 142212157 and 68.
17
What is the highest common divisor of 155 and 374595103?
31
What is the greatest common factor of 18437 and 191?
1
Calculate the greatest common divisor of 6654 and 151469438.
2218
Calculate the highest common factor of 11871701 and 435.
29
What is the highest common factor of 117110 and 363433?
49
What is the greatest common divisor of 1259712 and 1332?
36
Calculate the greatest common factor of 400 and 46378900.
100
Calculate the greatest common factor of 929053750 and 2500.
1250
What is the highest common factor of 580622 and 386875?
619
What is the highest common factor of 10787 and 2189117?
161
What is the highest common factor of 61658922 and 90402?
4758
Calculate the highest common factor of 107540 and 97880.
20
Calculate the highest common divisor of 71949060 and 27.
27
Calculate the highest common factor of 8 and 44072740.
4
What is the highest common divisor of 912 and 23028969?
57
Calculate the greatest common divisor of 34086584 and 112.
56
What is the greatest common divisor of 49 and 87980333?
49
What is the greatest common factor of 18 and 25348710?
6
What is the highest common divisor of 336 and 95692944?
48
What is the greatest common factor of 118104 and 332?
4
Calculate the highest common factor of 30 and 265323170.
10
What is the highest common divisor of 22863 and 259213073?
7621
What is the greatest common divisor of 14 and 165013793?
7
What is the highest common divisor of 961986 and 159594?
402
What is the highest common factor of 42560 and 5117056?
448
What is the greatest common factor of 10993612 and 8?
4
What is the greatest common divisor of 844 and 371900582?
422
Calculate the greatest common factor of 3447668 and 5236.
476
What is the greatest common divisor of 83356 and 1656?
4
What is the highest common factor of 3710 and 580202?
14
What is the highest common factor of 1303008 and 36064?
1568
Calculate the highest common factor of 2085 and 859830.
15
What is the highest common divisor of 12736752 and 105?
21
Calculate the highest common factor of 706 and 790202502.
706
What is the greatest common factor of 169756 and 151094?
62
Calculate the highest common divisor of 5222 and 11999410.
746
Calculate the greatest common factor of 19255134 and 1878.
1878
What is the greatest common divisor of 4646436 and 2712?
12
What is the highest common factor of 1449 and 4514531?
7
Calculate the highest common factor of 26 and 13333632.
26
Calculate the greatest common factor of 528 and 3871824.
528
What is the greatest common factor of 5020 and 854449180?
5020
What is the greatest common divisor of 58880979 and 30481?
2771
Calculate the greatest common factor of 49896 and 887502.
462
Calculate the greatest common factor of 27 and 925893.
9
Calculate the highest common factor of 413336 and 69608.
616
Calculate the highest common divisor of 16 and 1501208.
8
Calculate the greatest common factor of 119 and 5148875.
17
Calculate the highest common divisor of 44879482 and 722.
38
What is the greatest common factor of 450791 and 231?
11
Calculate the highest common divisor of 23083954 and 303.
101
What is the highest common factor of 6 and 25420638?
6
What is the highest common divisor of 43 and 3762113?
43
Calculate the highest common divisor of 158 and 9823018.
158
Calculate the greatest common divisor of 6 and 71686875.
3
What is the greatest common divisor of 4128 and 1572916608?
4128
What is the highest common divisor of 65712 and 401376?
1776
What is the highest common divisor of 1042228 and 704?
44
What is the greatest common factor of 1518368 and 80032?
32
Calculate the highest common divisor of 42947173 and 29.
29
What is the highest common factor of 69264943 and 7557?
2519
What is the greatest common factor of 4 and 55501844?
4
What is the highest common divisor of 273 and 1285431?
21
What is the highest common factor of 293393799 and 27?
27
Calculate the greatest common divisor of 4111037 and 10438.
307
What is the greatest common divisor of 5428 and 51498976?
236
What is the highest common factor of 85 and 143332015?
85
Calculate the highest common factor of 1247 and 2088553.
43
Calculate the highest common factor of 111807 and 6.
3
What is the greatest common factor of 4941567400 and 1400?
1400
What is the greatest common factor of 1234 and 143910314?
1234
What is the greatest common divisor of 21345662 and 325?
13
What is the highest common divisor of 26299 and 243152?
91
Calculate the greatest common factor of 38 and 8456520.
38
Calculate the highest common factor of 181564446 and 42.
42
What is the greatest common factor of 1903 and 102188678?
173
What is the highest common divisor of 2130 and 99035415?
1065
What is the greatest common divisor of 1157415 and 1785?
105
Calculate the greatest common factor of 16216744 and 184.
8
Calculate the greatest common factor of 7938 and 236754.
126
Calculate the greatest common factor of 7040 and 6994460.
220
Calculate the greatest common divisor of 34 and 4793609.
17
What is the highest common factor of 79 and 141027?
1
Calculate the greatest common factor of 3598910 and 140.
70
Calculate the greatest common factor of 2953751 and 2031.
677
Calculate the greatest common factor of 6447 and 56409101.
2149
What is the greatest common factor of 6505941 and 36777?
897
Calculate the greatest common factor of 64303102 and 1808.
226
Calculate the highest common divisor of 103399258 and 314.
314
What is the greatest common factor of 43656 and 821439?
321
What is the greatest common divisor of 1185 and 587445?
15
What is the greatest common factor of 1287008 and 1554?
74
Calculate the greatest common divisor of 1475 and 682099.
59
What is the greatest common factor of 41065044 and 265956?
7188
What is the highest common factor of 41258412 and 230?
46
What is the highest common divisor of 1709461 and 741?
13
What is the greatest common divisor of 387503766 and 52?
26
What is the greatest common divisor of 162932618 and 1270?
254
Calculate the highest common divisor of 5945851 and 2.
1
What is the greatest common factor of 1878170 and 51310?
70
What is the highest common factor of 5299440 and 3692?
284
What is the greatest common factor of 29680 and 279628?
212
What is the greatest common factor of 117236 and 643692?
2212
What is the highest common divisor of 2133588 and 197664?
348
Calculate the greatest common divisor of 224 and 55046096.
112
What is the greatest common factor of 41949 and 10465243?
59
What is the highest common divisor of 102863219 and 30340?
1517
Calculate the highest common divisor of 6120 and 451283400.
360
What is the highest common divisor of 7168 and 3058944?
1792
What is the greatest common factor of 416 and 75486112?
416
Calculate the greatest common divisor of 58 and 389322709.
29
What is the greatest common divisor of 45921752 and 1896?
632
What is the greatest common factor of 179568 and 46260432?
6192
Calculate the greatest common factor of 4265046 and 18.
18
What is the greatest common divisor of 21801286 and 104?
26
What is the highest common divisor of 11925900 and 16?
4
What is the highest common factor of 243031964 and 304?
76
What is the highest common divisor 